{"id":294,"date":"2021-01-22T17:57:55","date_gmt":"2021-01-22T23:57:55","guid":{"rendered":"https:\/\/clientes.avsys.com.mx\/avsyshost\/?page_id=294"},"modified":"2022-08-24T17:36:21","modified_gmt":"2022-08-24T22:36:21","slug":"servicio-dns","status":"publish","type":"page","link":"https:\/\/clientes.avsys.com.mx\/avsyshost\/dominios\/servicio-dns\/","title":{"rendered":"Servicio de DNS"},"content":{"rendered":"<p>[et_pb_section fb_built=&#8221;1&#8243; _builder_version=&#8221;4.16&#8243; _module_preset=&#8221;default&#8221; background_color=&#8221;#006e84&#8243; background_image=&#8221;https:\/\/clientes.avsys.com.mx\/avsyshost\/wp-content\/uploads\/2021\/02\/hosting-avsys-2.jpg&#8221; background_blend=&#8221;soft-light&#8221; global_colors_info=&#8221;{}&#8221;][et_pb_row _builder_version=&#8221;4.16&#8243; _module_preset=&#8221;default&#8221; custom_padding=&#8221;5px||5px||false|false&#8221; global_colors_info=&#8221;{}&#8221;][et_pb_column type=&#8221;4_4&#8243; _builder_version=&#8221;4.16&#8243; _module_preset=&#8221;default&#8221; global_colors_info=&#8221;{}&#8221;][et_pb_text _builder_version=&#8221;4.18.0&#8243; _module_preset=&#8221;default&#8221; header_font=&#8221;|700|||||||&#8221; header_text_align=&#8221;center&#8221; header_text_color=&#8221;#FFFFFF&#8221; custom_margin=&#8221;||3px|||&#8221; global_colors_info=&#8221;{}&#8221;]<\/p>\n<h1>Servicio de DNS<\/h1>\n<p>[\/et_pb_text][et_pb_text _builder_version=&#8221;4.18.0&#8243; _module_preset=&#8221;default&#8221; header_2_text_align=&#8221;center&#8221; header_2_text_color=&#8221;#FFFFFF&#8221; header_2_font_size=&#8221;20px&#8221; header_2_line_height_tablet=&#8221;&#8221; header_2_line_height_phone=&#8221;1.4em&#8221; header_2_line_height_last_edited=&#8221;on|phone&#8221; global_colors_info=&#8221;{}&#8221;]<\/p>\n<h2>Reduce las fallas de tu servicio en l\u00ednea<\/h2>\n<p>[\/et_pb_text][\/et_pb_column][\/et_pb_row][\/et_pb_section][et_pb_section fb_built=&#8221;1&#8243; _builder_version=&#8221;4.16&#8243; _module_preset=&#8221;default&#8221; global_colors_info=&#8221;{}&#8221;][et_pb_row _builder_version=&#8221;4.16&#8243; _module_preset=&#8221;default&#8221; global_colors_info=&#8221;{}&#8221;][et_pb_column type=&#8221;4_4&#8243; _builder_version=&#8221;4.16&#8243; _module_preset=&#8221;default&#8221; global_colors_info=&#8221;{}&#8221;][et_pb_text _builder_version=&#8221;4.18.0&#8243; _module_preset=&#8221;default&#8221; header_font=&#8221;|700|||||||&#8221; header_text_align=&#8221;center&#8221; header_text_color=&#8221;#009ddd&#8221; header_2_font=&#8221;|700|||||||&#8221; header_2_text_align=&#8221;center&#8221; header_2_text_color=&#8221;#009ddd&#8221; header_2_font_size=&#8221;30px&#8221; custom_margin=&#8221;5px||5px||true|false&#8221; custom_padding=&#8221;0px||0px||true|false&#8221; header_line_height_tablet=&#8221;&#8221; header_line_height_phone=&#8221;1.2em&#8221; header_line_height_last_edited=&#8221;on|desktop&#8221; locked=&#8221;off&#8221; global_colors_info=&#8221;{}&#8221;]<\/p>\n<h2>Servicio DNS de Alta Disponibilidad en M\u00e9xico<\/h2>\n<p>[\/et_pb_text][et_pb_divider color=&#8221;#009ddd&#8221; divider_weight=&#8221;4px&#8221; _builder_version=&#8221;4.16&#8243; _module_preset=&#8221;default&#8221; width=&#8221;50px&#8221; module_alignment=&#8221;center&#8221; custom_margin=&#8221;15px||5px||false|false&#8221; custom_padding=&#8221;0px||0px||true|false&#8221; locked=&#8221;off&#8221; global_colors_info=&#8221;{}&#8221;][\/et_pb_divider][et_pb_text _builder_version=&#8221;4.18.0&#8243; _module_preset=&#8221;default&#8221; text_text_color=&#8221;#666666&#8243; text_font_size=&#8221;20px&#8221; header_2_text_align=&#8221;center&#8221; header_2_text_color=&#8221;#666666&#8243; header_2_font_size=&#8221;18px&#8221; header_2_line_height=&#8221;1.4em&#8221; text_orientation=&#8221;center&#8221; width=&#8221;80%&#8221; width_tablet=&#8221;&#8221; width_phone=&#8221;100%&#8221; width_last_edited=&#8221;on|phone&#8221; max_width=&#8221;80%&#8221; max_width_tablet=&#8221;&#8221; max_width_phone=&#8221;100%&#8221; max_width_last_edited=&#8221;on|phone&#8221; module_alignment=&#8221;center&#8221; custom_margin=&#8221;0px||0px||true|false&#8221; custom_padding=&#8221;0px||0px||true|false&#8221; locked=&#8221;off&#8221; global_colors_info=&#8221;{}&#8221;]NS son las iniciales de Domain Name System (Sistema de Nombres de Dominio) y es una tecnolog\u00eda basada en una base de datos que sirve para resolver nombres en las redes, es decir, para conocer la m\u00e1quina donde est\u00e1 alojado el dominio al que queremos acceder por su nombre, en lugar de la direcci\u00f3n IP. Contamos con el servicio de DNS estable, r\u00e1pido y flexible que mejor se adapte a tus necesidades con 2 \u00f3 5 segmentos de red separados y redundantes.[\/et_pb_text][\/et_pb_column][\/et_pb_row][\/et_pb_section][et_pb_section fb_built=&#8221;1&#8243; specialty=&#8221;on&#8221; _builder_version=&#8221;4.18.0&#8243; _module_preset=&#8221;default&#8221; hover_enabled=&#8221;0&#8243; global_colors_info=&#8221;{}&#8221; title_text=&#8221;back-dns&#8221; background_image=&#8221;https:\/\/clientes.avsys.com.mx\/avsyshost\/wp-content\/uploads\/2022\/08\/back-dns.jpg&#8221; sticky_enabled=&#8221;0&#8243;][et_pb_column type=&#8221;2_3&#8243; specialty_columns=&#8221;2&#8243; _builder_version=&#8221;4.16&#8243; custom_padding=&#8221;|||&#8221; global_colors_info=&#8221;{}&#8221; custom_padding__hover=&#8221;|||&#8221;][et_pb_row_inner column_structure=&#8221;1_2,1_2&#8243; use_custom_gutter=&#8221;on&#8221; make_equal=&#8221;on&#8221; _builder_version=&#8221;4.18.0&#8243; _module_preset=&#8221;default&#8221; global_colors_info=&#8221;{}&#8221;][et_pb_column_inner type=&#8221;1_2&#8243; saved_specialty_column_type=&#8221;2_3&#8243; _builder_version=&#8221;4.18.0&#8243; _module_preset=&#8221;default&#8221; global_colors_info=&#8221;{}&#8221;][et_pb_blurb title=&#8221;Rapidez&#8221; use_icon=&#8221;on&#8221; font_icon=&#8221;&#xf0e7;||fa||900&#8243; image_icon_width=&#8221;50px&#8221; _builder_version=&#8221;4.18.0&#8243; _module_preset=&#8221;default&#8221; header_text_align=&#8221;center&#8221; header_text_color=&#8221;#666666&#8243; header_font_size=&#8221;22px&#8221; body_text_align=&#8221;center&#8221; body_text_color=&#8221;#666666&#8243; body_font_size=&#8221;20px&#8221; global_colors_info=&#8221;{}&#8221;]<\/p>\n<p>Mayor velocidad cuando acceden a tu sitio web o CRM, mejora el env\u00edo y recepci\u00f3n de correos. Contamos con el servicio de tr\u00e1fico inteligente y balanceo de carga.<\/p>\n<p>[\/et_pb_blurb][et_pb_blurb title=&#8221;Estabilidad&#8221; use_icon=&#8221;on&#8221; font_icon=&#8221;&#xf3fd;||fa||900&#8243; image_icon_width=&#8221;50px&#8221; _builder_version=&#8221;4.18.0&#8243; _module_preset=&#8221;default&#8221; header_text_align=&#8221;center&#8221; header_text_color=&#8221;#666666&#8243; header_font_size=&#8221;22px&#8221; body_text_align=&#8221;center&#8221; body_text_color=&#8221;#666666&#8243; body_font_size=&#8221;20px&#8221; global_colors_info=&#8221;{}&#8221;]Tenemos servidores de DNS con 2 \u00f3 5 segmentos de red separados geogr\u00e1ficamente, para ofrecer redundancia en el servicio y reducir las fallas[\/et_pb_blurb][\/et_pb_column_inner][et_pb_column_inner type=&#8221;1_2&#8243; saved_specialty_column_type=&#8221;2_3&#8243; _builder_version=&#8221;4.18.0&#8243; _module_preset=&#8221;default&#8221; global_colors_info=&#8221;{}&#8221;][et_pb_blurb title=&#8221;Ahorro&#8221; use_icon=&#8221;on&#8221; font_icon=&#8221;&#xf3d1;||fa||400&#8243; image_icon_width=&#8221;50px&#8221; _builder_version=&#8221;4.18.0&#8243; _module_preset=&#8221;default&#8221; header_text_align=&#8221;center&#8221; header_text_color=&#8221;#666666&#8243; header_font_size=&#8221;22px&#8221; body_text_align=&#8221;center&#8221; body_text_color=&#8221;#666666&#8243; body_font_size=&#8221;20px&#8221; global_colors_info=&#8221;{}&#8221;]Realiza un s\u00f3lo pago anual, selecciona cualquiera de nuestros dos servicios: cl\u00e1sico de 2 segmentos o el profesional con 5 segmentos de red. [\/et_pb_blurb][et_pb_blurb title=&#8221;Administrado&#8221; use_icon=&#8221;on&#8221; font_icon=&#8221;&#xf500;||fa||900&#8243; image_icon_width=&#8221;50px&#8221; _builder_version=&#8221;4.18.0&#8243; _module_preset=&#8221;default&#8221; header_text_align=&#8221;center&#8221; header_text_color=&#8221;#666666&#8243; header_font_size=&#8221;22px&#8221; body_text_align=&#8221;center&#8221; body_text_color=&#8221;#666666&#8243; body_font_size=&#8221;20px&#8221; global_colors_info=&#8221;{}&#8221;]Nosotros nos encargamos de la administraci\u00f3n del DNS de tu empresa. Y realizaremos todas las configuraciones necesarias. [\/et_pb_blurb][\/et_pb_column_inner][\/et_pb_row_inner][\/et_pb_column][et_pb_column type=&#8221;1_3&#8243; _builder_version=&#8221;4.16&#8243; custom_padding=&#8221;|||&#8221; global_colors_info=&#8221;{}&#8221; custom_padding__hover=&#8221;|||&#8221;][dsm_lottie lottie_url=&#8221;https:\/\/clientes.avsys.com.mx\/avsyshost\/wp-content\/uploads\/2022\/08\/73102-website-jurupoles.json&#8221; _builder_version=&#8221;4.18.0&#8243; _module_preset=&#8221;default&#8221; global_colors_info=&#8221;{}&#8221;][\/dsm_lottie][\/et_pb_column][\/et_pb_section][et_pb_section fb_built=&#8221;1&#8243; prev_background_color=&#8221;#ffffff&#8221; _builder_version=&#8221;4.18.0&#8243; _module_preset=&#8221;default&#8221; background_enable_color=&#8221;off&#8221; use_background_color_gradient=&#8221;on&#8221; background_color_gradient_stops=&#8221;#2b87da 0%|#063b89 100%&#8221; background_color_gradient_end=&#8221;#063b89&#8243; background_image=&#8221;https:\/\/clientes.avsys.com.mx\/avsyshost\/wp-content\/uploads\/2021\/02\/cambiate-con-nosotros.jpg&#8221; background_blend=&#8221;multiply&#8221; custom_padding=&#8221;50px||0px||false|false&#8221; top_divider_style=&#8221;triangle&#8221; top_divider_height=&#8221;32px&#8221; top_divider_flip=&#8221;vertical&#8221; background_color_gradient_stops_tablet=&#8221;#2b87da 0%|#063b89 100%&#8221; background_color_gradient_stops_phone=&#8221;#2b87da 0%|#063b89 100%&#8221; locked=&#8221;off&#8221; global_colors_info=&#8221;{}&#8221;][et_pb_row column_structure=&#8221;1_3,2_3&#8243; _builder_version=&#8221;4.16&#8243; _module_preset=&#8221;default&#8221; background_enable_image=&#8221;off&#8221; background_size=&#8221;contain&#8221; background_position=&#8221;top_left&#8221; custom_padding=&#8221;0px||0px||false|false&#8221; global_colors_info=&#8221;{}&#8221;][et_pb_column type=&#8221;1_3&#8243; _builder_version=&#8221;4.16&#8243; _module_preset=&#8221;default&#8221; global_colors_info=&#8221;{}&#8221;][et_pb_image src=&#8221;https:\/\/clientes.avsys.com.mx\/avsyshost\/wp-content\/uploads\/2021\/02\/chito-02.png&#8221; title_text=&#8221;chito-02&#8243; align_tablet=&#8221;center&#8221; align_phone=&#8221;center&#8221; align_last_edited=&#8221;on|desktop&#8221; _builder_version=&#8221;4.16&#8243; _module_preset=&#8221;default&#8221; width=&#8221;80%&#8221; width_tablet=&#8221;35%&#8221; width_phone=&#8221;&#8221; width_last_edited=&#8221;on|tablet&#8221; global_colors_info=&#8221;{}&#8221;][\/et_pb_image][\/et_pb_column][et_pb_column type=&#8221;2_3&#8243; _builder_version=&#8221;4.16&#8243; _module_preset=&#8221;default&#8221; global_colors_info=&#8221;{}&#8221;][et_pb_text _builder_version=&#8221;4.18.0&#8243; _module_preset=&#8221;default&#8221; text_text_color=&#8221;#FFFFFF&#8221; text_font_size=&#8221;18px&#8221; header_text_align=&#8221;left&#8221; header_2_text_align=&#8221;left&#8221; header_2_text_color=&#8221;#FFFFFF&#8221; header_2_font_size=&#8221;30px&#8221; text_orientation=&#8221;right&#8221; custom_margin=&#8221;||0px||false|false&#8221; custom_padding=&#8221;||0px||false|false&#8221; text_orientation_tablet=&#8221;center&#8221; text_orientation_phone=&#8221;&#8221; text_orientation_last_edited=&#8221;on|phone&#8221; global_colors_info=&#8221;{}&#8221;]<\/p>\n<h2 class=\"lessmb\">Contrata o Migra tu DNS con AVSYS<\/h2>\n<p>[\/et_pb_text][et_pb_text _builder_version=&#8221;4.18.0&#8243; _module_preset=&#8221;default&#8221; text_text_color=&#8221;#FFFFFF&#8221; text_font_size=&#8221;20px&#8221; global_colors_info=&#8221;{}&#8221;]<\/p>\n<ul>\n<li>Servicio de DNS distribuido en 2 \u00f3 5 zonas geogr\u00e1ficas y en diferentes segmentos de red<\/li>\n<li>Registros de Tipo A, MX (Correo), CNAME, TXT, SRV, SOA, DKIM, SPF y NS<\/li>\n<li>IP Est\u00e1tica<\/li>\n<li>Subdominios<\/li>\n<li>Disponibilidad 99.99%<\/li>\n<\/ul>\n<p>[\/et_pb_text][et_pb_button button_url=&#8221;@ET-DC@eyJkeW5hbWljIjp0cnVlLCJjb250ZW50IjoicG9zdF9saW5rX3VybF9wYWdlIiwic2V0dGluZ3MiOnsicG9zdF9pZCI6IjU2In19@&#8221; button_text=&#8221;Cont\u00e1ctanos&#8221; button_alignment=&#8221;right&#8221; button_alignment_tablet=&#8221;center&#8221; button_alignment_phone=&#8221;center&#8221; button_alignment_last_edited=&#8221;on|phone&#8221; _builder_version=&#8221;4.16&#8243; _dynamic_attributes=&#8221;button_url&#8221; _module_preset=&#8221;default&#8221; custom_margin=&#8221;||40px||false|false&#8221; custom_padding=&#8221;||||false|false&#8221; global_colors_info=&#8221;{}&#8221;][\/et_pb_button][\/et_pb_column][\/et_pb_row][\/et_pb_section][et_pb_section fb_built=&#8221;1&#8243; _builder_version=&#8221;4.8.2&#8243; _module_preset=&#8221;default&#8221; background_color=&#8221;#27282d&#8221; custom_padding=&#8221;50px||50px||true|false&#8221; global_module=&#8221;664&#8243; saved_tabs=&#8221;all&#8221; global_colors_info=&#8221;{}&#8221;][et_pb_row column_structure=&#8221;1_4,1_4,1_4,1_4&#8243; make_equal=&#8221;on&#8221; _builder_version=&#8221;4.16&#8243; _module_preset=&#8221;default&#8221; custom_margin=&#8221;0px||0px||true|false&#8221; custom_padding=&#8221;0px||0px||true|false&#8221; global_colors_info=&#8221;{}&#8221;][et_pb_column type=&#8221;1_4&#8243; _builder_version=&#8221;4.16&#8243; _module_preset=&#8221;default&#8221; global_colors_info=&#8221;{}&#8221;][et_pb_image src=&#8221;https:\/\/clientes.avsys.com.mx\/avsyshost\/wp-content\/uploads\/2021\/02\/logo-avsys-mexico-gdl-bco.png&#8221; alt=&#8221;AVSYS&#8221; title_text=&#8221;AVSYS&#8221; _builder_version=&#8221;4.16&#8243; _module_preset=&#8221;default&#8221; global_colors_info=&#8221;{}&#8221;][\/et_pb_image][et_pb_text _builder_version=&#8221;4.16&#8243; _module_preset=&#8221;default&#8221; text_text_color=&#8221;#8f9297&#8243; text_font_size=&#8221;15px&#8221; global_colors_info=&#8221;{}&#8221;]<\/p>\n<p>El prop\u00f3sito de AVSYS\u00a0 es ofrecer un hosting de calidad, usando la mejor tecnolog\u00eda disponible en el mercado, a precio justo.<\/p>\n<p>[\/et_pb_text][\/et_pb_column][et_pb_column type=&#8221;1_4&#8243; _builder_version=&#8221;4.16&#8243; _module_preset=&#8221;default&#8221; global_colors_info=&#8221;{}&#8221;][et_pb_text _builder_version=&#8221;4.16&#8243; _module_preset=&#8221;default&#8221; header_4_font=&#8221;|||on|||||&#8221; header_4_text_align=&#8221;left&#8221; header_4_text_color=&#8221;#FFFFFF&#8221; header_4_letter_spacing=&#8221;1px&#8221; custom_margin=&#8221;0px||0px||true|false&#8221; custom_padding=&#8221;0px||10px||false|false&#8221; global_colors_info=&#8221;{}&#8221;]<\/p>\n<h4>Ubicaci\u00f3n<\/h4>\n<p>[\/et_pb_text][et_pb_text module_class=&#8221;link-soporte&#8221; _builder_version=&#8221;4.16&#8243; _module_preset=&#8221;default&#8221; text_text_color=&#8221;#8f9297&#8243; text_font_size=&#8221;15px&#8221; global_colors_info=&#8221;{}&#8221;]<\/p>\n<p>Miguel Lerdo de Tejada<br \/> No. 2020 Int. 10 Col. Lafayette<br \/> Guadalajara, Jalisco. M\u00e9xico<br \/> C.P. 44150<\/p>\n<p>Tel: 33-3330-9654<\/p>\n<p><a href=\"mailto:contacto@avsys.com.mx\" title=\"Contacto\">contacto@avsys.com.mx<\/a><\/p>\n<p>[\/et_pb_text][\/et_pb_column][et_pb_column type=&#8221;1_4&#8243; _builder_version=&#8221;4.16&#8243; _module_preset=&#8221;default&#8221; global_colors_info=&#8221;{}&#8221;][et_pb_text _builder_version=&#8221;4.16&#8243; _module_preset=&#8221;default&#8221; header_4_font=&#8221;|||on|||||&#8221; header_4_text_align=&#8221;left&#8221; header_4_text_color=&#8221;#FFFFFF&#8221; header_4_letter_spacing=&#8221;1px&#8221; custom_margin=&#8221;0px||0px||true|false&#8221; custom_padding=&#8221;0px||10px||false|false&#8221; global_colors_info=&#8221;{}&#8221;]<\/p>\n<h4>Soporte<\/h4>\n<p>[\/et_pb_text][et_pb_text module_class=&#8221;link-soporte&#8221; _builder_version=&#8221;4.16&#8243; _module_preset=&#8221;default&#8221; text_text_color=&#8221;#8f9297&#8243; text_font_size=&#8221;15px&#8221; background_layout=&#8221;dark&#8221; global_colors_info=&#8221;{}&#8221;]<\/p>\n<p><a href=\"https:\/\/clientes.avsys.com.mx\/avsyshost\/soporte\/preguntas-frecuentes\" title=\"Preguntas Frecuentes\">Preguntas Frecuentes<\/a><br \/> <a href=\"https:\/\/clientes.avsys.com.mx\/avsyshost\/soporte\/glosario\" title=\"Glosario de T\u00e9rminos\">Glosario de T\u00e9rminos<\/a><br \/> <a href=\"https:\/\/clientes.avsys.com.mx\/avsyshost\/soporte\" title=\"Ticket de Soporte\">Ticket de Soporte<\/a><\/p>\n<p>[\/et_pb_text][\/et_pb_column][et_pb_column type=&#8221;1_4&#8243; _builder_version=&#8221;4.16&#8243; _module_preset=&#8221;default&#8221; border_width_left=&#8221;1px&#8221; border_color_left=&#8221;#8f9297&#8243; border_width_left_tablet=&#8221;0px&#8221; border_width_left_phone=&#8221;&#8221; border_width_left_last_edited=&#8221;on|phone&#8221; global_colors_info=&#8221;{}&#8221;][et_pb_social_media_follow _builder_version=&#8221;4.16&#8243; _module_preset=&#8221;default&#8221; text_orientation=&#8221;center&#8221; global_colors_info=&#8221;{}&#8221;][et_pb_social_media_follow_network social_network=&#8221;facebook&#8221; url=&#8221;https:\/\/www.facebook.com\/avsysmexico&#8221; icon_color=&#8221;#27282d&#8221; use_icon_font_size=&#8221;on&#8221; icon_font_size=&#8221;23px&#8221; _builder_version=&#8221;4.16&#8243; _module_preset=&#8221;default&#8221; background_color=&#8221;#FFFFFF&#8221; background_enable_color=&#8221;on&#8221; custom_margin=&#8221;|5px||5px|false|true&#8221; custom_padding=&#8221;||||false|false&#8221; border_radii=&#8221;on|25px|25px|25px|25px&#8221; global_colors_info=&#8221;{}&#8221; icon_color__hover_enabled=&#8221;on|hover&#8221; icon_color__hover=&#8221;#ffffff&#8221; background__hover_enabled=&#8221;on|hover&#8221; background_color__hover=&#8221;#009ddc&#8221; background_enable_color__hover=&#8221;on&#8221; follow_button=&#8221;off&#8221; url_new_window=&#8221;on&#8221;]facebook[\/et_pb_social_media_follow_network][et_pb_social_media_follow_network social_network=&#8221;linkedin&#8221; icon_color=&#8221;#27282d&#8221; use_icon_font_size=&#8221;on&#8221; icon_font_size=&#8221;23px&#8221; _builder_version=&#8221;4.16&#8243; _module_preset=&#8221;default&#8221; background_color=&#8221;#FFFFFF&#8221; background_enable_color=&#8221;on&#8221; custom_margin=&#8221;|5px||5px|false|true&#8221; custom_padding=&#8221;||||false|false&#8221; border_radii=&#8221;on|25px|25px|25px|25px&#8221; global_colors_info=&#8221;{}&#8221; background_color__hover=&#8221;#009ddc&#8221; background__hover_enabled=&#8221;on|hover&#8221; background_enable_color__hover=&#8221;on&#8221; icon_color__hover=&#8221;#ffffff&#8221; icon_color__hover_enabled=&#8221;on|hover&#8221; follow_button=&#8221;off&#8221; url_new_window=&#8221;on&#8221;]linkedin[\/et_pb_social_media_follow_network][\/et_pb_social_media_follow][\/et_pb_column][\/et_pb_row][\/et_pb_section]<\/p>\n","protected":false},"excerpt":{"rendered":"<p>Servicio de DNSReduce las fallas de tu servicio en l\u00edneaServicio DNS de Alta Disponibilidad en M\u00e9xicoNS son las iniciales de Domain Name System (Sistema de Nombres de Dominio) y es una tecnolog\u00eda basada en una base de datos que sirve para resolver nombres en las redes, es decir, para conocer la m\u00e1quina donde est\u00e1 alojado [&hellip;]<\/p>\n","protected":false},"author":1,"featured_media":0,"parent":286,"menu_order":2,"comment_status":"closed","ping_status":"closed","template":"","meta":{"_et_pb_use_builder":"on","_et_pb_old_content":"<!-- wp:divi\/placeholder \/-->","_et_gb_content_width":"","footnotes":""},"class_list":["post-294","page","type-page","status-publish","hentry"],"yoast_head":"<!-- This site is optimized with the Yoast SEO plugin v27.5 - https:\/\/yoast.com\/product\/yoast-seo-wordpress\/ -->\n<title>Servicio de DNS - AVSYS de M\u00e9xico : Hosting WordPress con Divi : Correo Profesional IMAP<\/title>\n<meta name=\"robots\" content=\"noindex, follow, max-snippet:-1, max-image-preview:large, max-video-preview:-1\" \/>\n<meta property=\"og:locale\" content=\"es_MX\" \/>\n<meta property=\"og:type\" content=\"article\" \/>\n<meta property=\"og:title\" content=\"Servicio de DNS - AVSYS de M\u00e9xico : Hosting WordPress con Divi : Correo Profesional IMAP\" \/>\n<meta property=\"og:description\" content=\"Servicio de DNSReduce las fallas de tu servicio en l\u00edneaServicio DNS de Alta Disponibilidad en M\u00e9xicoNS son las iniciales de Domain Name System (Sistema de Nombres de Dominio) y es una tecnolog\u00eda basada en una base de datos que sirve para resolver nombres en las redes, es decir, para conocer la m\u00e1quina donde est\u00e1 alojado [&hellip;]\" \/>\n<meta property=\"og:url\" content=\"https:\/\/clientes.avsys.com.mx\/avsyshost\/dominios\/servicio-dns\/\" \/>\n<meta property=\"og:site_name\" content=\"AVSYS de M\u00e9xico : Hosting WordPress con Divi : Correo Profesional IMAP\" \/>\n<meta property=\"article:modified_time\" content=\"2022-08-24T22:36:21+00:00\" \/>\n<meta name=\"twitter:card\" content=\"summary_large_image\" \/>\n<script type=\"application\/ld+json\" class=\"yoast-schema-graph\">{\"@context\":\"https:\\\/\\\/schema.org\",\"@graph\":[{\"@type\":\"WebPage\",\"@id\":\"https:\\\/\\\/clientes.avsys.com.mx\\\/avsyshost\\\/dominios\\\/servicio-dns\\\/\",\"url\":\"https:\\\/\\\/clientes.avsys.com.mx\\\/avsyshost\\\/dominios\\\/servicio-dns\\\/\",\"name\":\"Servicio de DNS - AVSYS de M\u00e9xico : Hosting WordPress con Divi : Correo Profesional IMAP\",\"isPartOf\":{\"@id\":\"https:\\\/\\\/clientes.avsys.com.mx\\\/avsyshost\\\/#website\"},\"datePublished\":\"2021-01-22T23:57:55+00:00\",\"dateModified\":\"2022-08-24T22:36:21+00:00\",\"breadcrumb\":{\"@id\":\"https:\\\/\\\/clientes.avsys.com.mx\\\/avsyshost\\\/dominios\\\/servicio-dns\\\/#breadcrumb\"},\"inLanguage\":\"es\",\"potentialAction\":[{\"@type\":\"ReadAction\",\"target\":[\"https:\\\/\\\/clientes.avsys.com.mx\\\/avsyshost\\\/dominios\\\/servicio-dns\\\/\"]}]},{\"@type\":\"BreadcrumbList\",\"@id\":\"https:\\\/\\\/clientes.avsys.com.mx\\\/avsyshost\\\/dominios\\\/servicio-dns\\\/#breadcrumb\",\"itemListElement\":[{\"@type\":\"ListItem\",\"position\":1,\"name\":\"Inicio\",\"item\":\"https:\\\/\\\/clientes.avsys.com.mx\\\/avsyshost\\\/\"},{\"@type\":\"ListItem\",\"position\":2,\"name\":\"Dominios\",\"item\":\"https:\\\/\\\/clientes.avsys.com.mx\\\/avsyshost\\\/dominios\\\/\"},{\"@type\":\"ListItem\",\"position\":3,\"name\":\"Servicio de DNS\"}]},{\"@type\":\"WebSite\",\"@id\":\"https:\\\/\\\/clientes.avsys.com.mx\\\/avsyshost\\\/#website\",\"url\":\"https:\\\/\\\/clientes.avsys.com.mx\\\/avsyshost\\\/\",\"name\":\"AVSYS de M\u00e9xico : Hosting WordPress con Divi : Correo Profesional IMAP\",\"description\":\"Hosting WordPress con Divi en Espa\u00f1ol\",\"potentialAction\":[{\"@type\":\"SearchAction\",\"target\":{\"@type\":\"EntryPoint\",\"urlTemplate\":\"https:\\\/\\\/clientes.avsys.com.mx\\\/avsyshost\\\/?s={search_term_string}\"},\"query-input\":{\"@type\":\"PropertyValueSpecification\",\"valueRequired\":true,\"valueName\":\"search_term_string\"}}],\"inLanguage\":\"es\"}]}<\/script>\n<!-- \/ Yoast SEO plugin. -->","yoast_head_json":{"title":"Servicio de DNS - AVSYS de M\u00e9xico : Hosting WordPress con Divi : Correo Profesional IMAP","robots":{"index":"noindex","follow":"follow","max-snippet":"max-snippet:-1","max-image-preview":"max-image-preview:large","max-video-preview":"max-video-preview:-1"},"og_locale":"es_MX","og_type":"article","og_title":"Servicio de DNS - AVSYS de M\u00e9xico : Hosting WordPress con Divi : Correo Profesional IMAP","og_description":"Servicio de DNSReduce las fallas de tu servicio en l\u00edneaServicio DNS de Alta Disponibilidad en M\u00e9xicoNS son las iniciales de Domain Name System (Sistema de Nombres de Dominio) y es una tecnolog\u00eda basada en una base de datos que sirve para resolver nombres en las redes, es decir, para conocer la m\u00e1quina donde est\u00e1 alojado [&hellip;]","og_url":"https:\/\/clientes.avsys.com.mx\/avsyshost\/dominios\/servicio-dns\/","og_site_name":"AVSYS de M\u00e9xico : Hosting WordPress con Divi : Correo Profesional IMAP","article_modified_time":"2022-08-24T22:36:21+00:00","twitter_card":"summary_large_image","schema":{"@context":"https:\/\/schema.org","@graph":[{"@type":"WebPage","@id":"https:\/\/clientes.avsys.com.mx\/avsyshost\/dominios\/servicio-dns\/","url":"https:\/\/clientes.avsys.com.mx\/avsyshost\/dominios\/servicio-dns\/","name":"Servicio de DNS - AVSYS de M\u00e9xico : Hosting WordPress con Divi : Correo Profesional IMAP","isPartOf":{"@id":"https:\/\/clientes.avsys.com.mx\/avsyshost\/#website"},"datePublished":"2021-01-22T23:57:55+00:00","dateModified":"2022-08-24T22:36:21+00:00","breadcrumb":{"@id":"https:\/\/clientes.avsys.com.mx\/avsyshost\/dominios\/servicio-dns\/#breadcrumb"},"inLanguage":"es","potentialAction":[{"@type":"ReadAction","target":["https:\/\/clientes.avsys.com.mx\/avsyshost\/dominios\/servicio-dns\/"]}]},{"@type":"BreadcrumbList","@id":"https:\/\/clientes.avsys.com.mx\/avsyshost\/dominios\/servicio-dns\/#breadcrumb","itemListElement":[{"@type":"ListItem","position":1,"name":"Inicio","item":"https:\/\/clientes.avsys.com.mx\/avsyshost\/"},{"@type":"ListItem","position":2,"name":"Dominios","item":"https:\/\/clientes.avsys.com.mx\/avsyshost\/dominios\/"},{"@type":"ListItem","position":3,"name":"Servicio de DNS"}]},{"@type":"WebSite","@id":"https:\/\/clientes.avsys.com.mx\/avsyshost\/#website","url":"https:\/\/clientes.avsys.com.mx\/avsyshost\/","name":"AVSYS de M\u00e9xico : Hosting WordPress con Divi : Correo Profesional IMAP","description":"Hosting WordPress con Divi en Espa\u00f1ol","potentialAction":[{"@type":"SearchAction","target":{"@type":"EntryPoint","urlTemplate":"https:\/\/clientes.avsys.com.mx\/avsyshost\/?s={search_term_string}"},"query-input":{"@type":"PropertyValueSpecification","valueRequired":true,"valueName":"search_term_string"}}],"inLanguage":"es"}]}},"_links":{"self":[{"href":"https:\/\/clientes.avsys.com.mx\/avsyshost\/wp-json\/wp\/v2\/pages\/294","targetHints":{"allow":["GET"]}}],"collection":[{"href":"https:\/\/clientes.avsys.com.mx\/avsyshost\/wp-json\/wp\/v2\/pages"}],"about":[{"href":"https:\/\/clientes.avsys.com.mx\/avsyshost\/wp-json\/wp\/v2\/types\/page"}],"author":[{"embeddable":true,"href":"https:\/\/clientes.avsys.com.mx\/avsyshost\/wp-json\/wp\/v2\/users\/1"}],"replies":[{"embeddable":true,"href":"https:\/\/clientes.avsys.com.mx\/avsyshost\/wp-json\/wp\/v2\/comments?post=294"}],"version-history":[{"count":7,"href":"https:\/\/clientes.avsys.com.mx\/avsyshost\/wp-json\/wp\/v2\/pages\/294\/revisions"}],"predecessor-version":[{"id":1097,"href":"https:\/\/clientes.avsys.com.mx\/avsyshost\/wp-json\/wp\/v2\/pages\/294\/revisions\/1097"}],"up":[{"embeddable":true,"href":"https:\/\/clientes.avsys.com.mx\/avsyshost\/wp-json\/wp\/v2\/pages\/286"}],"wp:attachment":[{"href":"https:\/\/clientes.avsys.com.mx\/avsyshost\/wp-json\/wp\/v2\/media?parent=294"}],"curies":[{"name":"wp","href":"https:\/\/api.w.org\/{rel}","templated":true}]}}